e highest common factor of b and 42?
14
Suppose -408 = -11*p - 375. Suppose p*s + 6*f - 7*f + 1 = 0, 5*s + 3*f = 17. Calculate the greatest common factor of s and 11.
1
Suppose 42583 - 13717 = 17*k. Suppose -2*n + 2*c + k = 2*n, 0 = 3*n - 3*c - 1278. What is the highest common factor of 47 and n?
47
Suppose 2*u - 7*u = 4*j + 3, 0 = 4*u + 12. Suppose -4*v - 1096 = h, 191 = -j*v - h - 632. Let i = 427 + v. What is the highest common divisor of i and 14?
14
Let c(i) = 2*i**2 - 2*i - 42. Let x be c(-13). What is the highest common divisor of 1127 and x?
161
Suppose 93 = -4*o - 5*r, -r - r = 3*o + 61. Let d(h) = -2*h**2 - 47*h + 7. Let u be d(o). Calculate the highest common divisor of 36 and u.
12
Let a(h) = 3*h**3 - 5*h**2 - 15*h + 32. Let m be a(2). Calculate the highest common divisor of m and 7899.
3
Let v(d) = -302*d - 3454. Let f be v(-22). Calculate the highest common divisor of 44 and f.
22
Suppose 5*w - 2*w = 3*s + 318, -5*w + 530 = -2*s. Let d = -65 + w. Calculate the highest common factor of 205 and d.
41
Let g(j) = j**3 + 34*j**2 - j + 107. Let m be g(-17). What is the greatest common divisor of 69 and m?
69
Suppose 133*i - 132*i - 14 = 0. Let p be 56/10*(i + -9). Calculate the greatest common divisor of 112 and p.
28
Let n(v) = v**3 + v**2 + 8*v - 66. Let d be n(6). What is the highest common divisor of d and 52?
26
Suppose y - 92619 = -5*v, -3*v + y + 15576 = -39997. What is the greatest common divisor of v and 44?
44
Let k(h) = -h**2 + 98*h - 861. Let w be k(87). Calculate the greatest common factor of 1104 and w.
48
Let a be (-509)/(-15) - (-1113)/16695. What is the greatest common divisor of a and 26707?
17
Let i = 4329 + -4319. What is the greatest common factor of 5870 and i?
10
Suppose 52*b - 275 = 47*b - 3*u, -15 = 3*u. Let n(x) = -49*x - 2. Let k be n(-3). What is the highest common divisor of b and k?
29
Let y(v) = -v**3 - 9*v**2 - 31*v - 92. Let k be y(-9). Let i = -1 - -3. Suppose i = -2*n, 2*n + 17 = 3*s - 36. What is the highest common divisor of s and k?
17
Suppose 0 = 2*b + 2*b, 4*b = o - 2. Let d be -5 + ((-5)/(-2))/(o/116). Calculate the highest common factor of d and 28.
28
Let k = -364 + 369. Suppose 5*r - 4*w = 6 + 27, 4*r - 10 = -k*w. What is the highest common factor of 3 and r?
1
Let u(i) = 28*i**3 + i**2 - 26*i + 39. Let y be u(2). What is the highest common factor of 10 and y?
5
Let g be 642/749 + (10/(-35))/(2/(-4271)). Calculate the highest common factor of 893 and g.
47
Let n = -230 - -238. Suppose -17*u = -4*o - 12*u + 29, -4*u = 2*o - n. What is the greatest common factor of 174 and o?
6
Suppose -55*t + 3993 - 913 = 0. Let j = 45 - 29. What is the greatest common factor of j and t?
8
Suppose -30*z + 25*z + 42 = 37*z. Calculate the highest common divisor of 64 and z.
1
Let q be 4/(-10) - 4328/(-20). Let a(t) = -14*t**2 + 146*t + 1248. Let v be a(15). What is the highest common factor of q and v?
72
Let g be 2/(-4) - (-23 - 12065/38). What is the highest common factor of 160 and g?
20
Suppose 5*q - 2*q + 250 = c, 10 = -2*q. Suppose -14*w + 3*g = -13*w - 46, 4*w + 5*g = c. What is the greatest common factor of w and 5?
5
Let n = -199 - -78. Let d = 181 + n. Calculate the highest common factor of 24 and d.
12
Let x(k) = -2*k**2 - 97*k - 1107. Let t be x(-26). What is the greatest common divisor of 3759 and t?
21
Let o(t) = 78*t - 3430. Let g be o(45). What is the greatest common factor of g and 22760?
40
Suppose 3*x - 5*n = 30, -5*x - 2185*n + 2186*n + 72 = 0. Let h(g) = -104*g**3 - 2*g - 1. Let i be h(-1). Calculate the highest common divisor of i and x.
15
Let h(l) = l**2 - 18*l - 85. Let s be h(-5). Calculate the highest common divisor of s and 8670.
30
Suppose -2347*i = -2357*i + 16920. What is the highest common factor of 4 and i?
4
Suppose -2*u + r = -4732, -3*u + 2053 + 5033 = -3*r. Calculate the greatest common divisor of u and 316.
158
Let z be (-1 - (-702)/21) + (-45)/105. Suppose 2*t = 48 + 124. Suppose 0 = b - 3*o - t, -3*o - 42 = -5*b + 364. What is the greatest common divisor of b and z?
16
Let r(z) = -227*z - 1. Let c be r(-3). Let d(g) = 2*g**2 + 363*g - 2619. Let x be d(7). What is the highest common factor of c and x?
20
Let c = 917 - 623. Calculate the greatest common factor of 462 and c.
42
Let b = 2644 - 1572. What is the highest common divisor of b and 134?
134
Let w = 16781 + -16321. What is the greatest common factor of 4232 and w?
92
Let i = 8255 - 7651. What is the greatest common factor of i and 2567?
151
Let q(n) = -n**3 - 3*n**2 + n + 1. Let j be q(-3). Let v(s) = -s - 28*s - 3 - 23*s + 5*s. Let l be v(j). Calculate the greatest common divisor of l and 13.
13
Suppose 26*s + 60*s = 60*s + 50752. Calculate the highest common divisor of s and 96.
32
Suppose -17*g + 24 = -11*g. What is the highest common divisor of g and 82?
2
Suppose -115 - 4 = -17*i. Let l be (-2)/9 - (328/(-18) - i). Calculate the greatest common divisor of 475 and l.
25
Suppose -2*u = u - 924. Suppose -35*g = -74*g + 83*g - 1232. What is the highest common factor of u and g?
28
Suppose -3*a - 4*q = -2*a - 6, 18 = -a + 4*q. Let h(i) = -i**3 - 4*i**2 + 10*i - 4. Let b be h(a). What is the greatest common divisor of b and 2?
2
Suppose 57 = -3*k + 66. Suppose q = 5*a + 6*q - 580, 4*q + 376 = k*a. Calculate the highest common factor of 30 and a.
30
Let g be ((-38)/(-5))/(((-8)/30)/(-4)). Let u be (-4)/18 + g/27. Suppose 6 = u*d - 22. Calculate the greatest common factor of 91 and d.
7
Let b(v) = -v + 14. Let c(j) = 3*j - 28. Let g(r) = -9*b(r) - 4*c(r). Let n be g(-15). Suppose -3*i = n - 193. What is the greatest common factor of 18 and i?
18
Let r be 2 + 136 + -27 + 29. Suppose 0 = 2*v - r + 108. What is the highest common factor of 752 and v?
16
Let l(z) = -53 + z + 5 - 66 + 4*z. Let y be l(23). What is the greatest common factor of 12 and y?
1
Let u be 242/5445 - (-35636)/90. What is the highest common divisor of 1683 and u?
99
Let a = 7255 + -7240. Calculate the highest common divisor of 55 and a.
5
Suppose 0 = -271*m - 119*m + 2146950. Calculate the greatest common factor of 15 and m.
15
Suppose -5*b + 856 = -934. Suppose 0 = -2*m + 1366 - b. What is the greatest common divisor of m and 42?
42
Let y be ((-2)/(-12))/(1*9/54). Suppose -6 = 5*j - 31. What is the greatest common divisor of y and j?
1
Suppose -4*t = 8, 2*z - 7 = t + 3. Let g be 35/((-28)/z)*-2. Calculate the greatest common factor of g and 9.
1
Let n = -63 - -55. Let x(w) = 4*w**2 + 24*w + 2. Let g be x(n). Let d(h) = 7*h**3 - 1. Let q be d(1). What is the highest common divisor of q and g?
6
Let p = 11515 - 11475. What is the greatest common factor of p and 335?
5
Suppose -13953*b + 13897*b = -522928. Calculate the greatest common divisor of b and 609.
203
Let k(y) = 5*y**2 + 4. Let p be k(4). Let u be p/(-16)*16/(-6). Let l = u - 13. What is the greatest common divisor of l and 11?
1
Let r be 2079/(-891)*(-198)/2. What is the greatest common divisor of 1540 and r?
77
Let y(r) = -152*r + 1. Let d be y(-1). Let h be (217 - 27/3) + 5 + 1 + 20/(-2). What is the highest common divisor of h and d?
51
Suppose 54 = -6836*b + 6842*b. Suppose h = -0 + 2, 0 = -4*j + 2*h + 236. Suppose 0 = -n + j + 39. What is the highest common divisor of n and b?
9
Let o(h) = 137*h - 618. Let k be o(12). What is the greatest common factor of 190 and k?
38
Suppose j + 2*c = 5668, -5*j + 6*c + 28353 = 3*c. Suppose -6*v = -27*v + j. Calculate the highest common factor of v and 10.
10
Let t(j) = -j**3 - 6*j**2 + 2*j + 61. Let w be t(-5). Let u be (123 - 125) + (-27)/(-1) + 1. What is the greatest common divisor of w and u?
26
Let h = 3 + -1. Suppose -28 + 108 = h*l. Let j be ((-26)/(-2) + -1)/(6/4). Calculate the greatest common divisor of j and l.
8
Let x be 3*((-552)/9)/(-4). Suppose -3*n + 5*m - 9 = 11, 0 = -3*n - m + 4. Suppose n = -13*y + 10*y + 345. What is the greatest common divisor of y and x?
23
Let o = -2928 + 4941. What is the greatest common divisor of o and 33?
33
Suppose 185 = 14*j - 599. Suppose -616 = 11*v - 13*v. What is the greatest common divisor of v and j?
28
Let d be (64 + (3 - 2))*1. Let a = -148 - -187. What is the greatest common divisor of d and a?
13
Let p = -176 + 160. Let n be -4*(-2)/p*-742. What is the greatest common factor of n and 53?
53
S